t d be (15/10)/(3/4). Suppose 0 = -m + d + 4. What is the remainder when 11 is divided by m?
5
Let l = -2 - -50. Suppose n = 4*n - l. Calculate the remainder when 31 is divided by n.
15
Let c = 7 + -5. Suppose 20*o - 22 - 18 = 0. What is the remainder when o is divided by c?
0
Let n = 1 + 1. Let z be 24 - (0 - n/2). Let c = z + -17. What is the remainder when 23 is divided by c?
7
Let v = -22 - -16. Let u = 10 + v. Suppose 0*s = -u*s + 44. What is the remainder when s is divided by 4?
3
Let a(m) = -9*m - 5. Let s be a(-5). Suppose 0 = -4*u - u + s. What is the remainder when 23 is divided by u?
7
Suppose -4*r + 18 + 10 = 0. Calculate the remainder when r is divided by 3.
1
Suppose 26 = -m - 9*c + 4*c, -m - 11 = 2*c. Calculate the remainder when 7 is divided by m/2*-4 + 1.
1
Suppose -3*g + 140 = 2*g. Let i(m) = 2*m**3 - 3*m**2 + 2*m + 2. What is the remainder when g is divided by i(2)?
8
Let v(k) = 9*k**2 - 8*k + 26. Suppose c - 25 = u - 5*u, 5*u = 2*c - 37. What is the remainder when v(3) is divided by c?
20
Suppose 0 = 4*w - 5*i - 36, -i + 3 - 7 = 0. Suppose 0 = -w*b + 58 + 6. Suppose 36 = 2*x + 2*x. Calculate the remainder when b is divided by x.
7
Suppose -2*d - 56 = 5*k, 25 = -4*k + d + 4*d. Let h = 47 - 28. Let y = k + h. Calculate the remainder when 16 is divided by y.
7
Suppose -4*s = -7 - 1. Suppose 5*j - 16 = s*q, -4*q + 7*q - 4*j = -10. Let n(b) = b**3 + 7*b**2 + 6*b + 5. Calculate the remainder when n(-6) is divided by q.
1
Let k(c) = -c**2 + c + 43. Calculate the remainder when k(0) is divided by 15.
13
Let y(h) = 2*h**3 - 4*h**2 + h + 3. Let a be y(3). Calculate the remainder when 2 is divided by 6/21 - a/(-14).
0
Let s(w) = w**3 + 9*w**2 - 14*w - 8. Let c be s(-9). Let v = c + -22. Let o = 143 - v. What is the remainder when o is divided by 12?
11
Let s(g) = -g**2 - 13*g - 8. Calculate the remainder when 133 is divided by s(-6).
31
Suppose 0*y - 106 = -3*x - 2*y, 0 = 4*x + 2*y - 140. Calculate the remainder when x is divided by 9.
7
Suppose 0*b - 24 = -3*b. Let k(w) = w**3 - 7*w**2 - 6*w + 5. Let u be k(b). Let h = u - 7. What is the remainder when h is divided by 5?
4
Suppose 0 = -5*w + 54 + 56. What is the remainder when w is divided by 4?
2
Let n(p) = -p**3 + 12*p**2 - 6*p - 24. Calculate the remainder when 59 is divided by n(11).
28
Let b(k) = 12*k - 8. Calculate the remainder when 75 is divided by b(2).
11
Let f(t) = t**2 + t - 5. Let q(p) = -p**2 - 5*p + 12. Calculate the remainder when f(4) is divided by q(-6).
3
Calculate the remainder when 2/(4/(-2))*-69 is divided by 18.
15
Let x(g) = 23*g**2 + g + 1. What is the remainder when x(-1) is divided by (-6)/(-15) - 140/(-25)?
5
Let h = 26 - 11. What is the remainder when 22 is divided by h?
7
Let f(x) = -x**3 - 4*x**2 + 7*x + 12. What is the remainder when f(-6) is divided by 22?
20
Suppose 3*r = 60 + 93. Let s = r + -30. What is the remainder when s is divided by 11?
10
Let n = 91 - 141. Calculate the remainder when 79 is divided by n/(-4)*(-32)/(-20).
19
Suppose 0 = -10*k + 19*k - 108. What is the remainder when 41 is divided by k?
5
Calculate the remainder when 78 is divided by (-15)/20 + (-249)/(-12).
18
Let g(j) = j**2 - 2*j + 3. Let h(i) = i**3 + 7*i**2 + 3*i + 2. Calculate the remainder when h(-6) is divided by g(4).
9
Suppose 4*x = -5*p - 17, -5*x - p + 2 + 3 = 0. Suppose x*z + 0*z - 10 = 0. Let w(j) = -7*j + 135. Calculate the remainder when z is divided by w(19).
1
Let k(o) = -o**3 + 2*o + 4. Let t be k(-3). What is the remainder when -2*1 - (0 - t) is divided by -1*(-5 + 13)*(1 - 2)?
7
Suppose 0 = -4*v + 3*v + 8. What is the remainder when 23 is divided by v?
7
Suppose 3*a + 15 = 0, 5*x - 20 - 55 = 3*a. Let o(w) = w + 3. What is the remainder when 44 is divided by o(x)?
14
Let r(p) = 54*p - 1. Let j be r(-1). Let x = -15 - j. Let w = 6 - -8. What is the remainder when x is divided by w?
12
Let w(m) = m**3 + m**2 + m + 14. Let l = 2 - 3. Let j be 2/(-4)*0/l. Calculate the remainder when 27 is divided by w(j).
13
Let b(v) = -v + 4. Suppose r = -4 - 2. Calculate the remainder when 17 is divided by b(r).
7
Let o(d) be the second derivative of -d**5/20 - 5*d**4/12 + 7*d**2/2 - d. Calculate the remainder when 20 is divided by o(-5).
6
Suppose 25 + 1 = d - n, -5*d + 154 = n. What is the remainder when 117 is divided by d?
27
Let j = -1 - -1. Suppose -5*k + 0*d = 2*d - 54, 3*k + 3*d - 27 = j. Calculate the remainder when 34 is divided by k.
10
Let r be 4/(-4)*(0 - -1). Suppose 10*q = 11*q - 1. What is the remainder when -2*(r + 2/4) is divided by q?
0
Let f = 12 + 6. What is the remainder when 52 is divided by f?
16
Let q(n) = -n**2 - 3*n - 6. Let v be q(-3). Calculate the remainder when 67 is divided by (340/30)/((-4)/v).
16
Let f(t) = -t**2 + 14*t - 10. Calculate the remainder when 68 is divided by f(5).
33
Let a(r) = 2*r - 40. Let l be a(0). Calculate the remainder when (-16)/l - 133/(-5) is divided by 7.
6
Let c(g) = g**3 + 6*g**2 - 9*g - 5. What is the remainder when 33 is divided by c(-7)?
6
Suppose u = 5*j - 5, 0*j - 35 = -5*j - 5*u. Suppose -y = 0, -j*y + 36 = 4*s - 4*y. Calculate the remainder when 17 is divided by s.
8
Suppose -b = -2*b. Let i = b + 3. Let u = 5 - -3. What is the remainder when u is divided by i?
2
Let i(h) = -29*h - 6. What is the remainder when i(-3) is divided by 42?
39
Let z be 0/1*1/2. Suppose u - 6*u + 60 = z. Suppose -19*p = -17*p - 14. What is the remainder when u is divided by p?
5
Let v(h) = h**3 - 3*h**2 - 2*h - 5. Calculate the remainder when v(4) is divided by 3.
0
Suppose -2*s + 2*p = 0, s + 5*p = -s. Suppose 0 = -s*z - 4*z + 20. What is the remainder when 9 is divided by z?
4
Let c be 5/4 + (-3)/12. Suppose -11 = -5*u - c. Let l(w) = w**2 + 2*w - 3. Calculate the remainder when l(u) is divided by 2.
1
Let q be (-5 + 3 - -3) + 1. Let i = 15 - 9. What is the remainder when 16*1/(-1 + q) is divided by i?
4
Suppose -a - 10 = w + 4*a, 0 = 3*w + 3*a - 6. What is the remainder when 39 is divided by w?
4
Suppose -6 = -2*y + 4. Suppose r + 9 = 3*b - b, -r = y. Calculate the remainder when 3 is divided by b.
1
Suppose 2*b - 3*b + 23 = 0. Let d = 90 - 78. Calculate the remainder when b is divided by d.
11
Let u = -8 - -4. Let k = 6 - u. Suppose -f = -2*f + 4. Calculate the remainder when k is divided by f.
2
Suppose -102 = -5*f - 27. Calculate the remainder when f is divided by 8.
7
Suppose 24*p - 21*p - 12 = 0. Suppose -4*j = 5*y - 48, p = j + 3*y - 1. What is the remainder when 50 is divided by j?
16
Suppose -3*b - 16 - 2 = 0. Calculate the remainder when b/(-15) + (-1326)/(-10) is divided by 34.
31
Suppose -4*n = 5*u - 305, -u + 2*n + 0*n + 47 = 0. Calculate the remainder when u is divided by 20.
17
Suppose -9 = n + 4*b, -5*n + b - 3 = 42. Let a = 2 - n. Calculate the remainder when 42 is divided by a.
9
Suppose 0 = -4*m - l + 32 - 9, -l - 12 = -3*m. What is the remainder when 10 is divided by m?
0
Let q(u) = u**3 + 11*u**2 + 10*u + 37. Calculate the remainder when q(-10) is divided by 10.
7
Let y = 276 + -188. What is the remainder when y is divided by 23?
19
Let d = -44 + 80. What is the remainder when 107 is divided by d?
35
Let d(h) be the second derivative of h**5/20 + h**4/2 - h**3/6 - 3*h**2/2 - h. Calculate the remainder when d(-6) is divided by (-3 + 5)*(0 - -1).
1
Let z be 21/(-5) - (-3)/15. Calculate the remainder when ((-60)/16)/(1/z) is divided by 8.
7
Let u(l) = 2*l**2. Calculate the remainder when u(-5) is divided by 17.
16
Let f(n) = n**3 + 6*n**2 - 9*n - 7. Let t be f(-7). Suppose -5*q = -t*q + 16. What is the remainder when 14 is divided by q?
6
Calculate the remainder when 605/20 - 3/(-4) is divided by (-21 + 3/(-3))/(-2).
9
Suppose -10*l - 132 = -14*l. What is the remainder when 98 is divided by l?
32
Let w = 17 + -7. Calculate the remainder when w is divided by 3.
1
Suppose -2*d + 10 = 2. Calculate the remainder when 14 is divided by d.
2
Calculate the remainder when 30 is divided by 18 + -2 - 0/2.
14
Suppose 6*d - n = 7*d - 30, -5*d + 5*n = -130. What is the remainder when 164 is divided by d?
24
Suppose 3*d - 11*f = -6*f + 59, -5*d - f + 89 = 0. What is the remainder when d is divided by 2?
0
Suppose -s + 4*s = -4*h + 90, 4*s = 2*h - 34. Calculate the remainder when h is divided by 3.
0
Let s = -3 - -3. Suppose